{"id":286,"date":"2025-06-22T20:11:48","date_gmt":"2025-06-22T18:11:48","guid":{"rendered":"https:\/\/www.parasol35.org\/?page_id=286"},"modified":"2025-08-29T08:43:40","modified_gmt":"2025-08-29T06:43:40","slug":"adherer","status":"publish","type":"page","link":"https:\/\/www.parasol35.org\/index.php\/adherer\/","title":{"rendered":"Adh\u00e9rer"},"content":{"rendered":"<style>.kadence-column286_bf987d-8c > .kt-inside-inner-col{padding-left:var(--global-kb-spacing-lg, 3rem);}.kadence-column286_bf987d-8c > .kt-inside-inner-col,.kadence-column286_bf987d-8c > .kt-inside-inner-col:before{border-top-left-radius:0px;border-top-right-radius:0px;border-bottom-right-radius:0px;border-bottom-left-radius:0px;}.kadence-column286_bf987d-8c > .kt-inside-inner-col{column-gap:var(--global-kb-gap-sm, 1rem);}.kadence-column286_bf987d-8c > .kt-inside-inner-col{flex-direction:column;}.kadence-column286_bf987d-8c > .kt-inside-inner-col > .aligncenter{width:100%;}.kadence-column286_bf987d-8c > .kt-inside-inner-col:before{opacity:0.3;}.kadence-column286_bf987d-8c{position:relative;}@media all and (max-width: 1024px){.kadence-column286_bf987d-8c > .kt-inside-inner-col{flex-direction:column;justify-content:center;}}@media all and (max-width: 767px){.kadence-column286_bf987d-8c > .kt-inside-inner-col{flex-direction:column;justify-content:center;}}<\/style>\n<div class=\"wp-block-kadence-column kadence-column286_bf987d-8c\"><div class=\"kt-inside-inner-col\">\n<h2 class=\"wp-block-heading\">Adh\u00e9rer \u00e0 Parasol, c&rsquo;est adh\u00e9rer au mouvement !<\/h2>\n\n\n\n<p>Parasol35 fait partie du mouvement national Habitat Participatif France. Nous avons mutualiser nos adh\u00e9sions pour plus de simplicit\u00e9 et pour faire mouvement !<\/p>\n\n\n\n<p>Pour adh\u00e9rer c&rsquo;est ici : <\/p>\n\n\n\n<div class=\"wp-block-buttons is-layout-flex wp-block-buttons-is-layout-flex\">\n<div class=\"wp-block-button\"><a class=\"wp-block-button__link wp-element-button\" href=\"https:\/\/www.habitatparticipatif-france.fr\/?AdhererAuMouvement\" target=\"_blank\" rel=\"noreferrer noopener\">J&rsquo;adh\u00e8re au mouvement Habitat participatif France <\/a><\/div>\n<\/div>\n\n\n\n<p><\/p>\n<\/div><\/div>\n","protected":false},"excerpt":{"rendered":"<p>Adh\u00e9rer \u00e0 Parasol, c&rsquo;est adh\u00e9rer au mouvement ! Parasol35 fait partie du mouvement national Habitat Participatif France. Nous avons mutualiser nos adh\u00e9sions pour plus de simplicit\u00e9 et pour faire mouvement&#8230;<\/p>\n","protected":false},"author":1,"featured_media":402,"parent":0,"menu_order":0,"comment_status":"closed","ping_status":"closed","template":"","meta":{"_EventAllDay":false,"_EventTimezone":"","_EventStartDate":"","_EventEndDate":"","_EventStartDateUTC":"","_EventEndDateUTC":"","_EventShowMap":false,"_EventShowMapLink":false,"_EventURL":"","_EventCost":"","_EventCostDescription":"","_EventCurrencySymbol":"","_EventCurrencyCode":"","_EventCurrencyPosition":"","_EventDateTimeSeparator":"","_EventTimeRangeSeparator":"","_EventOrganizerID":[],"_EventVenueID":[],"_OrganizerEmail":"","_OrganizerPhone":"","_OrganizerWebsite":"","_VenueAddress":"","_VenueCity":"","_VenueCountry":"","_VenueProvince":"","_VenueState":"","_VenueZip":"","_VenuePhone":"","_VenueURL":"","_VenueStateProvince":"","_VenueLat":"","_VenueLng":"","_VenueShowMap":false,"_VenueShowMapLink":false,"_kad_post_transparent":"","_kad_post_title":"","_kad_post_layout":"","_kad_post_sidebar_id":"","_kad_post_content_style":"","_kad_post_vertical_padding":"","_kad_post_feature":"","_kad_post_feature_position":"","_kad_post_header":false,"_kad_post_footer":false,"_kad_post_classname":"","iawp_total_views":149,"footnotes":""},"class_list":["post-286","page","type-page","status-publish","has-post-thumbnail","hentry"],"_links":{"self":[{"href":"https:\/\/www.parasol35.org\/index.php\/wp-json\/wp\/v2\/pages\/286","targetHints":{"allow":["GET"]}}],"collection":[{"href":"https:\/\/www.parasol35.org\/index.php\/wp-json\/wp\/v2\/pages"}],"about":[{"href":"https:\/\/www.parasol35.org\/index.php\/wp-json\/wp\/v2\/types\/page"}],"author":[{"embeddable":true,"href":"https:\/\/www.parasol35.org\/index.php\/wp-json\/wp\/v2\/users\/1"}],"replies":[{"embeddable":true,"href":"https:\/\/www.parasol35.org\/index.php\/wp-json\/wp\/v2\/comments?post=286"}],"version-history":[{"count":4,"href":"https:\/\/www.parasol35.org\/index.php\/wp-json\/wp\/v2\/pages\/286\/revisions"}],"predecessor-version":[{"id":404,"href":"https:\/\/www.parasol35.org\/index.php\/wp-json\/wp\/v2\/pages\/286\/revisions\/404"}],"wp:featuredmedia":[{"embeddable":true,"href":"https:\/\/www.parasol35.org\/index.php\/wp-json\/wp\/v2\/media\/402"}],"wp:attachment":[{"href":"https:\/\/www.parasol35.org\/index.php\/wp-json\/wp\/v2\/media?parent=286"}],"curies":[{"name":"wp","href":"https:\/\/api.w.org\/{rel}","templated":true}]}}